Let t be p(8). Suppose v = -t - 578. Is (v/(-2))/((-1)/(-2)) prime?
False
Let f(g) = 5*g**3 - 14*g**2 + 3*g + 5. Let o be 826/105 - (112/60 - 2). Is f(o) composite?
False
Let f(g) = 4*g + 31. Let r(s) = s + 10. Let w(i) = -6*f(i) + 17*r(i). Let p be w(-3). Is (1*8)/(-2) - (-1075)/p prime?
True
Let a(m) = -43*m**2 - 2*m + 6. Let r = 36 - 39. Let t be a(r). Let k = t + 1184. Is k a composite number?
False
Let q(f) = f**3 - 6*f**2 + 2*f + 17. Let p be q(5). Suppose -u + 0 = 2, 0 = 3*s - p*u - 10. Is ((3 - s) + -384)/(4 + -5) a composite number?
False
Let o = 39 - 46. Let l(z) = -128*z - 27. Let q(h) = 385*h + 80. Let s(m) = -11*l(m) - 4*q(m). Is s(o) prime?
False
Let o(d) = -d**3 - 26*d**2 - 354*d + 103. Is o(-38) a composite number?
True
Let t be -554*(6 + -3 - 14/4). Suppose -12*j = -2*r - 9*j + t, -4*r = -j - 529. Is r a composite number?
False
Let l(f) = -2*f + 10. Let y(w) = w - 5. Let i(s) = -2*l(s) - 5*y(s). Let a be i(3). Suppose 2*r - 376 = 3*m, -m + 0*m - 384 = -a*r. Is r prime?
False
Let t = 8325 - -158. Is t a composite number?
True
Let h be (-20)/30 - (-1)/(-3). Let o be -16779 + (-2)/3*9. Is (o/6)/(-5)*(-2)/h composite?
True
Suppose 2*l - l + 120 = -3*u, -u - 24 = -5*l. Let o = 42 + u. Suppose y - 214 = -o. Is y a prime number?
True
Let f(p) be the third derivative of p**5/10 + 5*p**4/12 - 2*p**2. Let h be f(-4). Suppose -r = -155 - h. Is r composite?
False
Let f(w) = 3855*w + 8. Let o = 55 + -54. Is f(o) prime?
True
Let o(x) = x**2 + 17*x - 47. Let f = 156 + -182. Is o(f) prime?
False
Let z(g) = 116*g**3 + 12*g - 10. Let n(k) = k**2 + k - 1. Let y(a) = -5*n(a) + z(a). Is y(3) a prime number?
False
Suppose -l + 7 = c, 4 = 3*c + 1. Let m be (-22 + 1)/(l/(-354)). Let j = m - 682. Is j a prime number?
True
Let m = 51 + -53. Let s be m/(-10) + (-10308)/(-60). Let q = s - 85. Is q a prime number?
False
Let g be 1 + 737 + -1 + -3. Suppose -4*w + 4*t - 1375 = -t, 4*t - 1376 = 4*w. Let v = g + w. Is v composite?
False
Let o = 83058 - 34385. Is o composite?
False
Suppose -2*m + 2*f + 1696 = 0, 3*f = -0*f - 3. Let b = m - -14814. Is b a prime number?
True
Let u = 6812 + 948. Suppose u + 746 = 4*f - 5*t, 3*f - 5*t = 6377. Is f a prime number?
True
Suppose -5*y = -2*y - 3*v - 12, 5*y + 2*v + 1 = 0. Let o(h) = -h**2 + 6*h + 8. Let t be o(7). Is y*(t/(-2))/((-5)/9530) prime?
True
Let a be (-2)/(-2) - (6/1 + -7). Suppose 31 = -a*j + 21. Let d(f) = -305*f - 24. Is d(j) a composite number?
True
Is (-2 - (-10)/4)/(((-130)/(-444820))/13) a composite number?
True
Suppose -8*l + 14*l - 16523 = -r, 5*l = -3*r + 49504. Is r prime?
True
Is ((-70)/42 - (-751660)/(-3))*(-3)/15 a composite number?
False
Let n = -196309 - -276446. Is n a prime number?
False
Let f = 550 + -320. Suppose -439 = -5*j + 4*u, -4*j - 2*u = -335 - 11. Let n = f - j. Is n composite?
True
Let c(f) = -4*f**3 + 10*f**2 - 4*f - 15. Suppose 6*u + 32 = 10*u. Suppose 5*d - 2 = 3*j + 2, 4*d - u = 3*j. Is c(j) prime?
False
Let q(k) = -k**3 - 2*k + 1. Let c(o) = -6*o**3 + 2*o**2 - 10*o + 13. Let i(u) = -c(u) + 3*q(u). Is i(4) prime?
False
Let o(q) = -4*q**3 - 8*q**2 - 30*q + 5. Let h be o(-9). Suppose 0 = -10*l + h - 1053. Is l a composite number?
False
Suppose 430 = 6*g + 118. Suppose -6*i = g - 4. Is i/(-2) + -1 - (-16142)/7 a composite number?
False
Let p(q) = -20*q**3 - 6*q**2 - 2*q - 8. Let a be p(-6). Suppose 8*c - a = 4*c. Suppose 239 = 6*x - c. Is x composite?
False
Suppose -39*a + 4*a = 315. Is 2/a + 5995044/324 a prime number?
True
Suppose 4127745 + 7803567 = 48*u. Is u composite?
False
Let v be ((-30)/20)/(3/(-22)). Suppose -63 = 2*h - v*h. Suppose -17265 = h*q - 22*q. Is q a prime number?
True
Suppose l - 2*l + 4 = -r, 4*l = -r + 11. Suppose 0 = 3*g - u - 1560, -100*u = -g - 102*u + 513. Suppose 4*j = i - 809, g = i - l*j - 285. Is i composite?
True
Suppose -23*c + 750683 = 4*c - 1319758. Is c composite?
True
Let g = 396 + -396. Let r(j) = j**3 + j**2 - 2*j + 7. Is r(g) a composite number?
False
Suppose -32*j + 49*j + 8722830 = 32*j. Is j prime?
False
Let s be (1 - (-5)/5) + 4. Suppose s*g - 4004 = g + 3*h, 2400 = 3*g - h. Is g prime?
False
Let o(g) = g**3 + 18*g**2 + 18*g + 19. Suppose 6*a + 85 = a. Let q be o(a). Is (32/(-12))/(q/(-3)) - -19 prime?
True
Let m = 86461 - -47826. Is m prime?
True
Is 14 - (-62)/(-4) - 28741/(-2) composite?
False
Let z = -183 + 252. Is (z/12 + -6)*-3356 prime?
True
Suppose 5*d = n + 47458, 3*n + 16897 = 5*d - 30567. Is d prime?
True
Let c(k) = -31*k**2 + 67*k - 77. Let l(s) = 16*s**2 - 33*s + 39. Let m(r) = -2*c(r) - 5*l(r). Let w(t) be the first derivative of m(t). Is w(-13) prime?
True
Let w = 43 + -53. Let o be w/2 + 36/4. Suppose -o*s - 5*c + 9884 = 0, 4*s - 7905 = -c + 1979. Is s composite?
True
Is 6/12*-4*(8 + (-956028)/8) composite?
False
Let q(m) = -177*m + 63. Let a be q(-6). Let d = a + -286. Is d prime?
True
Suppose 0 = -6*d - 72611 - 39601. Let h = 31531 + d. Is h prime?
True
Let z(j) be the third derivative of -j**6/60 - 17*j**5/60 + 13*j**4/12 - 23*j**3/6 + 10*j**2 + 2*j. Is z(-14) composite?
True
Is (-395)/(-158)*(-326338)/(-5) a prime number?
True
Is 4988340/160 + (132/(-32) - -4) composite?
False
Let x be 3*(-8)/6 + 12/(-3). Is 2978 - (-12 - x) - (4 - -1) a composite number?
True
Suppose -2571 = -j + 9136. Suppose 0 = 5*i + 15, 0*u + 4*u = -3*i + j. Is u a composite number?
True
Let h = -21 - -18. Let k be (4/(-10) - (-45947)/55) + h. Let p = k + -453. Is p a composite number?
False
Let l = 2263213 + -1538298. Is l composite?
True
Let p(s) = 24*s**2 + 60 + 140*s - 3 - 4*s**3 - 143*s + 5*s**3. Let o be p(-18). Suppose -o = -0*v - 3*v. Is v a prime number?
False
Let s(j) = 5*j**2 + 5. Let p be s(-6). Let z = 4881 - 4437. Let q = z - p. Is q prime?
False
Let y(q) = 300*q + 106. Let v be y(17). Suppose -v = -2*l + 8*p - 4*p, -15 = -5*p. Is l a prime number?
True
Let d = 364 + -364. Suppose -4*q = -2*v + 174, d = -v + 6*v + q - 391. Is v prime?
True
Suppose 1227*r + 1198249 = 1240*r. Is r composite?
False
Let s(g) = -2146*g + 1413. Is s(-14) a composite number?
True
Suppose -32*x = 15*x - 1187549. Is x a prime number?
False
Suppose 0*h + 2*h - 5*y = 1, 3*y - 9 = -2*h. Suppose -5*i + 62 = o, -h*i + 30 = -i + 3*o. Suppose 2*x - 118 = 4*w, 3*w = -w - i. Is x a composite number?
False
Suppose 120*k - 117*k = -4*t + 247131, 4*k - 20 = 0. Is t prime?
False
Let z(a) = 3323*a**2 + 14*a - 14. Let g be z(4). Suppose -d - g = 3*y - 8*y, -2*y + 5*d + 21261 = 0. Is y a prime number?
False
Let y = 192 + -79. Let k = 374 + y. Let a = k + 220. Is a prime?
False
Let n(b) = -4271*b - 8. Let o(f) = 4272*f + 9. Let j(k) = -5*n(k) - 4*o(k). Let q be j(-1). Let s = q - -6444. Is s a composite number?
True
Let m = 30236 + -19520. Suppose 0 = -2*h + 5*h - m. Suppose 5*s + h = 9*s. Is s a prime number?
False
Let h(b) = 120 + 192*b + 41 + 26. Is h(12) prime?
False
Suppose 4*r + 21*x = 17*x + 2813180, 0 = 4*r - 5*x - 2813162. Is r a composite number?
True
Suppose -28 - 32 = -10*k. Suppose -4*s = -6*s + k. Suppose s*z + 2*p - 588 = -z, -p = 4. Is z prime?
True
Let v(j) = -j**2 - 15*j - 14. Let o be v(-13). Let x be o/(-42) + 76/(-28). Is -11*(-205)/(-15)*x composite?
True
Let p(j) = -4 - 1 + 0 - 27*j. Let m = -35 - -27. Is p(m) composite?
False
Let l(z) = 41*z**2 + 5*z + 27. Let g be (4/3)/((-24)/90). Is l(g) composite?
True
Let x be 4 + -6*(-2)/(-3). Suppose 3*u + 3*f - 579 = x, -5*f = -4*u - u + 955. Let y = 869 - u. Is y prime?
True
Suppose 5*x - 27057 = 4*m, -24880 + 8649 = -3*x + 4*m. Let z = x - 3720. Is z a prime number?
True
Let d = 9 + -5. Let x(m) = 22*m**3 - 2*m**2 - 5*m - 1. Let w be x(d). Suppose -9*c + 1390 = -w. Is c a prime number?
False
Let s(h) = -375*h - 148. Suppose 2*r = -3*q - 16, 5*q - 5*r + 9 = 24. Let l(d) = -125*d - 49. Let w(c) = q*s(c) + 7*l(c). Is w(-28) a composite number?
True
Suppose 5 - 10 = 5*z. Let h be ((-2)/5)/(5/25) - z. Is (24 + -23)/(h/(-889)) prime?
False
Suppose -7*c + 100 = 3*c. Suppose 0 = -3*w + 3*g + 21, -5*w - g = 3*g + c. Suppose w*r = d - 921, -4*d = -0*r - r - 3649. Is d composite?
False
Let x(o) = 3*o**2 + o - 2. Let u be x(-2). Suppose -32*g - u = -34*g. Let n(q) = 941*q - 17. Is n(g) prime?
False
Is ((-1243248)/(-12) + 9)/1 prime?
True
Let i(k) = -583*k**3 - 10*k**2 + 15*k - 89. Is i(-9) composite?
True
Suppose 